 0. Is p a composite number?
False
Suppose -f - 114727 = -4*t, -21*f + 16*f + 28687 = t. Is t prime?
False
Let m = -408078 + 592463. Is m a composite number?
True
Suppose 6 = -0*j + j. Suppose -15 = -5*b, 33*b = q + 35*b - 67. Suppose -2*p = -j, y - q = -3*p + 199. Is y a composite number?
False
Let f = 1257 - -4300. Is f composite?
False
Let w = 716 + 1360. Let i = 4483 - w. Is i a prime number?
False
Suppose -154*l + 730 = -149*l. Is ((-131)/(-4) + (-111)/(-148))*l prime?
False
Let z(r) be the third derivative of 77*r**6/120 - r**5/15 + r**4/12 + r**3/3 + r**2 + 37. Is z(3) prime?
False
Let p(c) = -1367*c**3 - 2*c**2 - 2*c. Suppose 0 = 4*k - 23 - 5. Suppose -3*m - 2*i - 9 = 0, 2*i - k*i - 20 = 5*m. Is p(m) prime?
True
Suppose i + 14 = 5*v, 4*i + 14 = -10*v + 9*v. Is (171546/(-9))/(i - (-30)/9) a composite number?
False
Let z = 10 + -13. Is (z/(-12))/(((-4)/211856)/(-1)) prime?
True
Suppose 0 = v + 5*x + 19, 3*v + 3*x = 7*x. Is (7/(v + 267/66))/2 composite?
True
Suppose -42*g - 267 = -d - 39*g, g - 2 = 0. Is 581191/d - (0 + (-8)/84) composite?
False
Let u(i) = 42*i**2 - 6*i + 7. Let o = 46 + -43. Let p be u(o). Suppose -5*c = -p - 603. Is c a prime number?
False
Let f be (-8)/6*3/2. Let j = 733 + -738. Is (1*3/j)/(f/1130) a prime number?
False
Let n(k) = 34*k + 3. Let j(h) = -1. Let b(z) = -4*j(z) - n(z). Suppose -6*w - 146 = -38. Is b(w) composite?
False
Let q(m) = -4447*m**3 - 6*m**2 - 8*m - 23. Is q(-6) a composite number?
True
Let g(k) = -7*k**2 + 14*k - 25. Let f be g(19). Let d be (-10)/(-75)*-3*(f - -1). Suppose 5*l - 5*j = -3*j + 1505, 3*l = -j + d. Is l prime?
False
Suppose 5*h - 1723899 = -4*o + 311118, -3*o = -3*h - 1526256. Is o a composite number?
True
Suppose -17 + 129 = 8*q. Suppose -5*a + 6*a + q = 0. Is ((-2)/3)/(a/3003) composite?
True
Let o(k) = -38*k + 1. Let r be o(-1). Suppose -r*n + 35*n = 36. Let w(v) = -34*v - 15. Is w(n) a composite number?
True
Let t be 834781/3 + 50/(-150). Suppose 11*p - t = -9*p. Is p composite?
False
Let o be (-1)/(((-22)/48)/11). Suppose -3*f - 3*w - o = 0, -3*f + w = 1 + 3. Is f*(-2 + 8188/(-12)) composite?
False
Let m(l) = -716*l - 37. Is m(-42) prime?
False
Suppose -a - 3*a - 104 = -4*d, a - 2*d = -28. Is (-9)/a + (-34981)/(-8) prime?
True
Suppose 2*m + 6*a = 841972, 420956 = -48*m + 49*m - 3*a. Is m composite?
True
Let f = 316 + -312. Suppose -5*w = f*w - 9063. Is w composite?
True
Suppose -24*z + 132423 = -59409. Is z composite?
False
Let f be (22 - 18) + ((-13330)/(-1))/2. Suppose -j = 3*q - 6665, -3*q - 20*j + f = -17*j. Is q prime?
True
Is (59821 + -24)/((-13)/(-229)) - 4/26 a composite number?
False
Let j be 5210/3 + 5/15. Suppose -2*y + 1743 = 3*r, 11*r - j = -2*y + 6*r. Let m = -569 + y. Is m a prime number?
True
Suppose 19 = v - 5*n, -2*v + 95 = 3*v - 2*n. Is (-2)/((-4)/1914) - v/(-19) prime?
False
Let w be 21393 - (-4)/6*9/2. Let k = -12103 + w. Is k a composite number?
False
Is 238261 + (61/(-122) - (-2)/4) prime?
True
Suppose 18*g - 547376 = 2*g. Is g prime?
True
Is (-9)/(-15)*(-23996505)/(-117) a prime number?
True
Let h(v) = v**2 + 9*v. Let j be h(-10). Suppose -z = z - j. Suppose 0 = z*o - 223 - 147. Is o prime?
False
Let a = -1000 - -1015. Let o(h) = 35*h**2 + 5*h + 83. Is o(a) a composite number?
True
Suppose -2*z + 15 = u + 2*z, -3 = 4*u - 5*z. Suppose 1 - 392 = -2*l - 3*t, u*l = -5*t + 588. Suppose 0 = 3*r - 190 - l. Is r composite?
False
Let j(f) = -f**2 - 4*f + 12. Let p be j(-6). Suppose -5*i - 21 = 3*s - 58, -3*s + 4*i - 8 = p. Is (1802/s)/(1/2) composite?
True
Is (-10 - (-8)/(192/472))*(-53994)/(-2) a prime number?
False
Suppose 0 = 3*q - 3*a - 1980231 - 2169672, 0 = -5*q + 2*a + 6916505. Is q composite?
False
Let v be 8/16 + 0 - 170/(-4). Suppose 0 = -52*z + v*z + 200727. Is z prime?
True
Suppose 0 = -69*u + 62*u + 14. Is u/(4*10/531820) prime?
True
Suppose -h - 1 = -4*z - 12, -10 = 5*z. Suppose n = h*y - 12377, -y - 5*n - 4107 = -2*y. Is y prime?
True
Let d(a) = 4*a**3 - 19*a**2 + 9*a + 22. Let k = 29 + -24. Let p(c) = -7*c**3 + 39*c**2 - 17*c - 43. Let l(u) = k*d(u) + 3*p(u). Is l(14) composite?
True
Let u(b) = -451*b + 5. Let s = -47 + 197. Let y be ((-60)/s)/((-2)/(-10)). Is u(y) a prime number?
True
Let r be (-1084)/(1/((-7)/14)). Suppose r = 4*h - 1574. Is h composite?
True
Let k(o) = 69*o**2 - 49 + 44*o + 36*o - 51*o. Is k(10) composite?
True
Suppose 5*x = l - 8 - 14, 3*l + 4*x = -10. Let c(r) = 5*r - 2 + 42*r**l + 106*r**2 + 3*r - 3*r. Is c(-3) composite?
True
Let s(g) = 14*g + 87. Let v be s(-6). Suppose z + 0*f - 2*f - 1931 = 0, v*f - 1931 = -z. Is z composite?
False
Let f be 6/(-14) - (4 - 14715/35). Suppose 505 = c - f. Is c*((-7)/3 + -4 + 7) a prime number?
False
Let g = -37 - -44. Suppose p + g = 8*p. Is -2 + (p + 2708)/3 composite?
True
Let a = -127 + 172. Suppose -60*f = -a*f - 167355. Is f prime?
False
Suppose 0 = 16*t - 2188281 - 831767. Is t composite?
False
Let a(g) = -2280*g**2 - 21*g + 8. Let s(f) = -2279*f**2 - 26*f + 9. Let o(j) = -5*a(j) + 4*s(j). Is o(3) a composite number?
True
Suppose v + 2*v = -948. Suppose 8*r - 4*r = 3*i - 28, 4*i + 2*r = 8. Is v*5/(-2) + (i - 3) composite?
True
Suppose -5*u + 2*o = -100225, 4*u = 5*o - 3*o + 80180. Suppose 10*q - u = -9*q. Is q composite?
True
Suppose 5*a - 4*a - 3 = -2*q, 0 = 5*a - 3*q - 80. Suppose 2*k - 10 = 0, -2*k = 3*g - a + 6. Is (0 - 1)*(g + -358) composite?
False
Suppose 3*l - 22 = -7. Let m be ((-108)/(-135) - (-4)/(-5))/(-2). Suppose -3*h + 0*v - 5*v + 1270 = m, 25 = l*v. Is h prime?
False
Let n = -742 + 3741. Is n prime?
True
Let g be 318/(-4)*(-10)/(-15). Let y = 156 + g. Let o = 338 - y. Is o a composite number?
True
Let d(h) = 177*h - 682. Is d(15) a prime number?
True
Let p be (-327)/2*40/30. Let o be (-126)/(-1 - p/222). Suppose 0*d + 3*d - o = -2*v, 6 = -2*v. Is d a prime number?
True
Suppose 5*z - 80 = -2*w - 0*z, 0 = -2*w - 4*z + 76. Is (3 - w/9)*-9573 a composite number?
False
Let f(o) = -58*o**3 + 3*o**2 + 5*o + 31. Let y(x) = -173*x**3 + 10*x**2 + 15*x + 93. Let k(q) = -8*f(q) + 3*y(q). Is k(-6) composite?
False
Suppose 3*v = 2*z - 9, -3*v + 4*z - 4 - 11 = 0. Let k be 134 + (v + 1 - -4). Let y = k + 748. Is y composite?
True
Suppose 5*p - 15 = 5*h, 5*p - 31 - 4 = -5*h. Suppose -5*q - 3*v = -11677, 3*v - 11657 = -p*q + 5*v. Is q a prime number?
True
Suppose -14*a = 4*a - 90. Is a + 12426 - (0 - 2) a prime number?
True
Suppose -h + 189 = 571. Let r = h - -763. Is r composite?
True
Suppose -118*g = -108*g - 113030. Is g prime?
False
Let x = -39 + 43. Suppose x*c - 8*c = 16. Is (3 + c)/(3/(-2091)) prime?
False
Let c(f) = -58*f**2 - 2. Let m be c(-4). Suppose -17144 = -10*s + 18*s. Let o = m - s. Is o prime?
True
Let r(o) = -18*o + 29 - 15*o + 31*o. Let m be r(13). Suppose 4748 = m*k + 161. Is k a prime number?
False
Let b(q) = 7492*q + 1445. Is b(24) prime?
True
Let g(n) = -41*n**3 - 2*n**2 + 30*n - 46. Is g(-11) composite?
True
Let b be (5 - 2)/(2/(-10)). Let x be 1/5 + ((-10512)/b - 6). Suppose x + 1494 = q. Is q a composite number?
True
Let f = 413 + -413. Let r(w) = w**2 + 12*w + 16529. Is r(f) a composite number?
False
Suppose -2*y + 1512 = -g, 9*y - 6078 = 4*g + 7*y. Let w = 2750 + g. Suppose 0 = 19*s - 23*s + w. Is s a composite number?
False
Suppose -5*z + 2*s = -25, -s - 5 = -z + 3*s. Suppose d - 14348 = -3*w, 4*w = 2*w + z*d + 9571. Is w a prime number?
True
Let j = 365075 - 217222. Is j prime?
True
Let t(j) = 274*j + 48. Let a be t(5). Let l = -135 + a. Is l composite?
False
Is (-11)/(198/109323)*3114/(-27) composite?
True
Let x = -49431 - -149800. Is x a composite number?
True
Suppose -27*d + 9*d = -960622 - 2714240. Is d a prime number?
False
Suppose -239*h + 233*h = -5088. Let c = -367 + h. Is c a composite number?
True
Let z = -62 + 66. Suppose -3*w = -3, -z*t + 3*w - 1 = -30. Is (-20142)/(-30) + t/(-20) a prime number?
False
Is 10/(-140)*7*-440158 prime?
False
Let p(k) = -95920*k - 6279. Is p(-20) a composite number?
False
Suppose 165 + 99 = -11*p. Let i = -21 + p. Let m = -35 - i. Is m prime?
False
Let s be (-8)/(2 - 4) + (-1 - 1). Suppose 4*m - s*c - 4422 = 0, 3*m + 3*c = 3561 - 267. Is m a prime number?
True
Suppose -7*u + 226207 + 85561 = -3*u - f, 0 = -5*f. Is u composite?
True
Suppose 0 = -3*w + 3*s - 1782 + 201522, -199725 = -3*w - 2*s. Is w composite?
Tru